{"id":3686,"date":"2025-03-12T14:57:47","date_gmt":"2025-03-12T11:57:47","guid":{"rendered":"http:\/\/yurtsevertanitim.com\/ilhami\/?page_id=3686"},"modified":"2025-03-12T16:14:52","modified_gmt":"2025-03-12T13:14:52","slug":"referanslar","status":"publish","type":"page","link":"https:\/\/yurtsevertanitim.com\/ilhami\/referanslar\/","title":{"rendered":"Referanslar"},"content":{"rendered":"<div class=\"wpb-content-wrapper\"><p>[vc_row][vc_column][gva_partners photo=&#8221;3690&#8243; link=&#8221;#&#8221; text=&#8221;Theme &amp; Marketing Consulting&#8221; title=&#8221;\u0130stanbul B\u00fcy\u00fck\u015fehir Belediyesi&#8221;][\/gva_partners][gva_partners photo=&#8221;3691&#8243; link=&#8221;#&#8221; text=&#8221;Theme &amp; Marketing Consulting&#8221; title=&#8221;\u0130\u015f Gyo&#8221;][\/gva_partners][gva_partners photo=&#8221;3692&#8243; link=&#8221;#&#8221; text=&#8221;Theme &amp; Marketing Consulting&#8221; title=&#8221;Nurol&#8221;][\/gva_partners][gva_partners photo=&#8221;3694&#8243; link=&#8221;#&#8221; text=&#8221;Theme &amp; Marketing Consulting&#8221; title=&#8221;Sinerji&#8221;][\/gva_partners][\/vc_column][\/vc_row]<\/p>\n<\/div>","protected":false},"excerpt":{"rendered":"<p>[vc_row][vc_column][gva_partners photo=&#8221;3690&#8243; link=&#8221;#&#8221; text=&#8221;Theme &amp; Marketing Consulting&#8221; title=&#8221;\u0130stanbul B\u00fcy\u00fck\u015fehir Belediyesi&#8221;][\/gva_partners][gva_partners photo=&#8221;3691&#8243; link=&#8221;#&#8221; text=&#8221;Theme &amp; Marketing Consulting&#8221; title=&#8221;\u0130\u015f Gyo&#8221;][\/gva_partners][gva_partners photo=&#8221;3692&#8243; link=&#8221;#&#8221; text=&#8221;Theme &amp; Marketing Consulting&#8221; title=&#8221;Nurol&#8221;][\/gva_partners][gva_partners photo=&#8221;3694&#8243; link=&#8221;#&#8221; text=&#8221;Theme &amp; Marketing Consulting&#8221; title=&#8221;Sinerji&#8221;][\/gva_partners][\/vc_column][\/vc_row]<\/p>\n","protected":false},"author":1,"featured_media":0,"parent":0,"menu_order":0,"comment_status":"closed","ping_status":"closed","template":"","meta":{"footnotes":""},"class_list":["post-3686","page","type-page","status-publish","hentry"],"_links":{"self":[{"href":"https:\/\/yurtsevertanitim.com\/ilhami\/wp-json\/wp\/v2\/pages\/3686","targetHints":{"allow":["GET"]}}],"collection":[{"href":"https:\/\/yurtsevertanitim.com\/ilhami\/wp-json\/wp\/v2\/pages"}],"about":[{"href":"https:\/\/yurtsevertanitim.com\/ilhami\/wp-json\/wp\/v2\/types\/page"}],"author":[{"embeddable":true,"href":"https:\/\/yurtsevertanitim.com\/ilhami\/wp-json\/wp\/v2\/users\/1"}],"replies":[{"embeddable":true,"href":"https:\/\/yurtsevertanitim.com\/ilhami\/wp-json\/wp\/v2\/comments?post=3686"}],"version-history":[{"count":5,"href":"https:\/\/yurtsevertanitim.com\/ilhami\/wp-json\/wp\/v2\/pages\/3686\/revisions"}],"predecessor-version":[{"id":3699,"href":"https:\/\/yurtsevertanitim.com\/ilhami\/wp-json\/wp\/v2\/pages\/3686\/revisions\/3699"}],"wp:attachment":[{"href":"https:\/\/yurtsevertanitim.com\/ilhami\/wp-json\/wp\/v2\/media?parent=3686"}],"curies":[{"name":"wp","href":"https:\/\/api.w.org\/{rel}","templated":true}]}}