{"id":3648,"date":"2025-03-11T21:36:50","date_gmt":"2025-03-11T18:36:50","guid":{"rendered":"http:\/\/yurtsevertanitim.com\/ilhami\/?page_id=3648"},"modified":"2025-03-12T15:07:36","modified_gmt":"2025-03-12T12:07:36","slug":"hizmetlerimiz","status":"publish","type":"page","link":"https:\/\/yurtsevertanitim.com\/ilhami\/hizmetlerimiz\/","title":{"rendered":"Hizmetlerimiz"},"content":{"rendered":"<div class=\"wpb-content-wrapper\"><p>[vc_row row_space=&#8221;remove_padding&#8221; isfullwidth=&#8221;&#8221; css=&#8221;.vc_custom_1531905334683{padding-top: 30px !important;}&#8221;][vc_column][gva_block_heading title=&#8221;M\u00fc\u015fterilerimize M\u00fckemmel Hizmet Sunuyoruz.&#8221; desc=&#8221;Okudan Harita, Antalya ba\u015fta olmak \u00fczere \u00e7evre illerde de s\u0131n\u0131r tespiti, aplikasyon, ifraz, tevhid, plankote, yola terk, parselasyon, k\u00fcbaj hesaplar\u0131, kamula\u015ft\u0131rma ve hali haz\u0131r haritalar\u0131 ile imar bar\u0131\u015f\u0131 uygulamalar\u0131nda yetkili harita b\u00fcrosu olarak hizmet vermektedir.&#8221;][gva_services_grid per_page=&#8221;8&#8243; excerpt_words=&#8221;20&#8243; items_lg=&#8221;2&#8243; items_md=&#8221;2&#8243; items_sm=&#8221;2&#8243; items_xs=&#8221;2&#8243;][\/vc_column][\/vc_row][vc_row][vc_column offset=&#8221;vc_col-lg-6 vc_col-md-6 vc_col-xs-12&#8243;][gva_box_video photo=&#8221;3683&#8243;]https:\/\/www.youtube.com\/watch?v=VD1ltgO_iaw[\/gva_box_video][\/vc_column][vc_column offset=&#8221;vc_col-lg-6 vc_col-md-6 vc_col-xs-12&#8243;][vc_row_inner][vc_column_inner][gva_block_heading title=&#8221;Neden Biz ?&#8221; align=&#8221;align-left&#8221;][\/vc_column_inner][\/vc_row_inner][vc_row_inner][vc_column_inner width=&#8221;1\/2&#8243; offset=&#8221;vc_col-xs-6&#8243;][gva_icon_box title=&#8221;Profesyonelliz&#8221; icon=&#8221;gv-icon-78&#8243; description=&#8221;Profesyonel yakla\u015f\u0131mlarla i\u015fletmelerinizi ihtiya\u00e7 duydu\u011fu b\u00fct\u00fcn alanlarda size en iyi hizmeti sunuyoruz.&#8221; icon_position=&#8221;left&#8221; icon_width=&#8221;fa-2x&#8221; icon_radius=&#8221;radius-5x&#8221; icon_shadown=&#8221;true&#8221; icon_background=&#8221;#FDEFEC&#8221; icon_color=&#8221;#FEB1A2&#8243;][\/vc_column_inner][vc_column_inner width=&#8221;1\/2&#8243; offset=&#8221;vc_col-xs-6&#8243;][gva_icon_box title=&#8221;Tecr\u00fcbeliyiz&#8221; icon=&#8221;gv-icon-123&#8243; description=&#8221;Alan\u0131nda uzman kadrolar\u0131m\u0131zla ve y\u0131llar\u0131n bize kazand\u0131rd\u0131\u011f\u0131 deneyimlerimizle size de kazand\u0131r\u0131yoruz.&#8221; icon_position=&#8221;left&#8221; icon_width=&#8221;fa-2x&#8221; icon_radius=&#8221;radius-5x&#8221; icon_shadown=&#8221;true&#8221; icon_background=&#8221;#E5FAF5&#8243; icon_color=&#8221;#45D3A8&#8243;][\/vc_column_inner][\/vc_row_inner][vc_row_inner][vc_column_inner width=&#8221;1\/2&#8243; offset=&#8221;vc_col-xs-6&#8243;][gva_icon_box title=&#8221;Prensipliyiz&#8221; icon=&#8221;gv-icon-467&#8243; description=&#8221;Sizlere vizyonumuz ve misyonumuz \u00e7er\u00e7evesinde ve prensiplerimiz dahilinde en kaliteli hizmeti sunuyoruz.&#8221; icon_position=&#8221;left&#8221; icon_width=&#8221;fa-2x&#8221; icon_radius=&#8221;radius-5x&#8221; icon_shadown=&#8221;true&#8221; icon_background=&#8221;#EAF0FE&#8221; icon_color=&#8221;#6B8EEF&#8221;][\/vc_column_inner][vc_column_inner width=&#8221;1\/2&#8243; offset=&#8221;vc_col-xs-6&#8243;][gva_icon_box title=&#8221;Uzman\u0131z&#8221; icon=&#8221;gv-icon-146&#8243; description=&#8221;Alan\u0131nda yetkin, tecr\u00fcbeli kadrolar\u0131m\u0131zla ihtiya\u00e7 duydu\u011funuz her alanda size en iyisini sunmak i\u00e7in buraday\u0131z.&#8221; icon_position=&#8221;left&#8221; icon_width=&#8221;fa-2x&#8221; icon_radius=&#8221;radius-5x&#8221; icon_shadown=&#8221;true&#8221; icon_background=&#8221;#F5ECFD&#8221; icon_color=&#8221;#B17EF0&#8243;][\/vc_column_inner][\/vc_row_inner][\/vc_column][\/vc_row][vc_row disable_element=&#8221;yes&#8221; row_space=&#8221;remove_padding_top&#8221;][vc_column][vc_row_inner][vc_column_inner][gva_block_heading title=&#8221;Choose Your Plan&#8221; icon=&#8221;gv-icon-975&#8243; subtitle=&#8221;Pricing&#8221; desc=&#8221;Proin aliquam ante quis sagittis blandit. In hac habitasse platea dictumst. In sit amet pharetra tellus. Morbi sed consequat augue. Quisque ultricies, ex et sagittis commodo.&#8221;][\/vc_column_inner][\/vc_row_inner][vc_row_inner][vc_column_inner width=&#8221;1\/2&#8243; offset=&#8221;vc_col-lg-3 vc_col-md-3 vc_col-xs-6&#8243;][gva_pricing title=&#8221;Basic&#8221; price=&#8221;15&#8243; period=&#8221;Month&#8221;]<\/p>\n<ul>\n<li>Coffee &amp; water service<\/li>\n<li>High speed Internet<\/li>\n<li>Opening hours (9:00 \u2013 19:00)<\/li>\n<li class=\"off\">Hot desk<\/li>\n<li class=\"off\">Limited printer &amp; scanner<\/li>\n<li class=\"off\">Limited meeting room access<\/li>\n<li class=\"off\">Event and showroom use<\/li>\n<\/ul>\n<p>[\/gva_pricing][\/vc_column_inner][vc_column_inner width=&#8221;1\/2&#8243; offset=&#8221;vc_col-lg-3 vc_col-md-3 vc_col-xs-6&#8243;][gva_pricing title=&#8221;Personal&#8221; price=&#8221;25&#8243; period=&#8221;Month&#8221; featured=&#8221;true&#8221;]<\/p>\n<ul>\n<li>Coffee &amp; water service<\/li>\n<li>High speed Internet<\/li>\n<li>Opening hours (9:00 \u2013 19:00)<\/li>\n<li>Hot desk<\/li>\n<li class=\"off\">Limited printer &amp; scanner<\/li>\n<li class=\"off\">Limited meeting room access<\/li>\n<li class=\"off\">Event and showroom use<\/li>\n<\/ul>\n<p>[\/gva_pricing][\/vc_column_inner][vc_column_inner width=&#8221;1\/2&#8243; offset=&#8221;vc_col-lg-3 vc_col-md-3 vc_col-xs-6&#8243;][gva_pricing title=&#8221;Professional&#8221; price=&#8221;35&#8243; period=&#8221;Month&#8221;]<\/p>\n<ul>\n<li>Coffee &amp; water service<\/li>\n<li>High speed Internet<\/li>\n<li>Opening hours (9:00 \u2013 19:00)<\/li>\n<li>Hot desk<\/li>\n<li>Limited printer &amp; scanner<\/li>\n<li class=\"off\">Limited meeting room access<\/li>\n<li class=\"off\">Event and showroom use<\/li>\n<\/ul>\n<p>[\/gva_pricing][\/vc_column_inner][vc_column_inner width=&#8221;1\/2&#8243; offset=&#8221;vc_col-lg-3 vc_col-md-3 vc_col-xs-6&#8243;][gva_pricing title=&#8221;Enterprise&#8221; price=&#8221;50&#8243; period=&#8221;Month&#8221;]<\/p>\n<ul>\n<li>Coffee &amp; water service<\/li>\n<li>High speed Internet<\/li>\n<li>Opening hours (9:00 \u2013 19:00)<\/li>\n<li>Hot desk<\/li>\n<li>Limited printer &amp; scanner<\/li>\n<li>Limited meeting room access<\/li>\n<li>Event and showroom use<\/li>\n<\/ul>\n<p>[\/gva_pricing][\/vc_column_inner][\/vc_row_inner][\/vc_column][\/vc_row][vc_row disable_element=&#8221;yes&#8221; css=&#8221;.vc_custom_1741776920264{background-image: url(https:\/\/themegavias.com\/wp\/enzio\/wp-contenthttp:\/\/yurtsevertanitim.com\/ilhami\/wp-content\/uploads\/2018\/07\/bg-11.jpg?id=3011) !important;background-position: 0 0 !important;background-repeat: repeat !important;}&#8221;][vc_column][gva_block_heading title=&#8221;Let&#8217;s Get In Touch&#8221; icon=&#8221;gv-icon-242&#8243; desc=&#8221;Give us a call or drop by anytime, we endeavour to answer all enquiries within 24 hours on business days.&#8221;]\n<div class=\"wpcf7 no-js\" id=\"wpcf7-f236-o1\" lang=\"en-US\" dir=\"ltr\" data-wpcf7-id=\"236\">\n<div class=\"screen-reader-response\"><p role=\"status\" aria-live=\"polite\" aria-atomic=\"true\"><\/p> <ul><\/ul><\/div>\n<form action=\"\/ilhami\/wp-json\/wp\/v2\/pages\/3648#wpcf7-f236-o1\" method=\"post\" class=\"wpcf7-form init\" aria-label=\"Contact form\" novalidate=\"novalidate\" data-status=\"init\">\n<div style=\"display: none;\">\n<input type=\"hidden\" name=\"_wpcf7\" value=\"236\" \/>\n<input type=\"hidden\" name=\"_wpcf7_version\" value=\"6.0.5\" \/>\n<input type=\"hidden\" name=\"_wpcf7_locale\" value=\"en_US\" \/>\n<input type=\"hidden\" name=\"_wpcf7_unit_tag\" value=\"wpcf7-f236-o1\" \/>\n<input type=\"hidden\" name=\"_wpcf7_container_post\" value=\"0\" \/>\n<input type=\"hidden\" name=\"_wpcf7_posted_data_hash\" value=\"\" \/>\n<\/div>\n<div class=\"row\">\n\t<div class=\"col-sm-4 col-xs-12\">\n\t\t<p><span class=\"wpcf7-form-control-wrap\" data-name=\"your-name\"><input size=\"40\" maxlength=\"400\" class=\"wpcf7-form-control wpcf7-text wpcf7-validates-as-required\" aria-required=\"true\" aria-invalid=\"false\" placeholder=\"Your Name *\" value=\"\" type=\"text\" name=\"your-name\" \/><\/span>\n\t\t<\/p>\n\t<\/div>\n\t<div class=\"col-sm-4 col-xs-12\">\n\t\t<p><span class=\"wpcf7-form-control-wrap\" data-name=\"your-email\"><input size=\"40\" maxlength=\"400\" class=\"wpcf7-form-control wpcf7-email wpcf7-validates-as-required wpcf7-text wpcf7-validates-as-email\" aria-required=\"true\" aria-invalid=\"false\" placeholder=\"Your Email *\" value=\"\" type=\"email\" name=\"your-email\" \/><\/span>\n\t\t<\/p>\n\t<\/div>\n\t<div class=\"col-sm-4 col-xs-12\">\n\t\t<p><span class=\"wpcf7-form-control-wrap\" data-name=\"your-subject\"><input size=\"40\" maxlength=\"400\" class=\"wpcf7-form-control wpcf7-text\" aria-invalid=\"false\" placeholder=\"Your Subject\" value=\"\" type=\"text\" name=\"your-subject\" \/><\/span>\n\t\t<\/p>\n\t<\/div>\n<\/div>\n<div class=\"row\">\n\t<div class=\"col-xs-12\">\n\t\t<p><span class=\"wpcf7-form-control-wrap\" data-name=\"rows:6\"><textarea cols=\"40\" rows=\"10\" maxlength=\"2000\" class=\"wpcf7-form-control wpcf7-textarea\" aria-invalid=\"false\" placeholder=\"Your message\" name=\"rows:6\"><\/textarea><\/span>\n\t\t<\/p>\n\t<\/div>\n\t<div class=\"col-xs-12 action\">\n\t\t<p><input class=\"wpcf7-form-control wpcf7-submit has-spinner\" type=\"submit\" value=\"Send Message\" \/>\n\t\t<\/p>\n\t<\/div>\n<\/div><div class=\"wpcf7-response-output\" aria-hidden=\"true\"><\/div>\n<\/form>\n<\/div>\n[\/vc_column][\/vc_row]<\/p>\n<\/div>","protected":false},"excerpt":{"rendered":"<p>[vc_row row_space=&#8221;remove_padding&#8221; isfullwidth=&#8221;&#8221; css=&#8221;.vc_custom_1531905334683{padding-top: 30px !important;}&#8221;][vc_column][gva_block_heading title=&#8221;M\u00fc\u015fterilerimize M\u00fckemmel Hizmet Sunuyoruz.&#8221; desc=&#8221;Okudan Harita, Antalya ba\u015fta olmak \u00fczere \u00e7evre illerde de s\u0131n\u0131r tespiti, aplikasyon, ifraz, tevhid, plankote, yola terk, parselasyon, k\u00fcbaj hesaplar\u0131, kamula\u015ft\u0131rma ve hali haz\u0131r haritalar\u0131 ile imar bar\u0131\u015f\u0131 uygulamalar\u0131nda yetkili harita b\u00fcrosu olarak hizmet vermektedir.&#8221;][gva_services_grid per_page=&#8221;8&#8243; excerpt_words=&#8221;20&#8243; items_lg=&#8221;2&#8243; items_md=&#8221;2&#8243; items_sm=&#8221;2&#8243; items_xs=&#8221;2&#8243;][\/vc_column][\/vc_row][vc_row][vc_column offset=&#8221;vc_col-lg-6 vc_col-md-6 vc_col-xs-12&#8243;][gva_box_video photo=&#8221;3683&#8243;]https:\/\/www.youtube.com\/watch?v=VD1ltgO_iaw[\/gva_box_video][\/vc_column][vc_column [&hellip;]<\/p>\n","protected":false},"author":1,"featured_media":0,"parent":0,"menu_order":0,"comment_status":"closed","ping_status":"closed","template":"","meta":{"footnotes":""},"class_list":["post-3648","page","type-page","status-publish","hentry"],"_links":{"self":[{"href":"https:\/\/yurtsevertanitim.com\/ilhami\/wp-json\/wp\/v2\/pages\/3648","targetHints":{"allow":["GET"]}}],"collection":[{"href":"https:\/\/yurtsevertanitim.com\/ilhami\/wp-json\/wp\/v2\/pages"}],"about":[{"href":"https:\/\/yurtsevertanitim.com\/ilhami\/wp-json\/wp\/v2\/types\/page"}],"author":[{"embeddable":true,"href":"https:\/\/yurtsevertanitim.com\/ilhami\/wp-json\/wp\/v2\/users\/1"}],"replies":[{"embeddable":true,"href":"https:\/\/yurtsevertanitim.com\/ilhami\/wp-json\/wp\/v2\/comments?post=3648"}],"version-history":[{"count":9,"href":"https:\/\/yurtsevertanitim.com\/ilhami\/wp-json\/wp\/v2\/pages\/3648\/revisions"}],"predecessor-version":[{"id":3684,"href":"https:\/\/yurtsevertanitim.com\/ilhami\/wp-json\/wp\/v2\/pages\/3648\/revisions\/3684"}],"wp:attachment":[{"href":"https:\/\/yurtsevertanitim.com\/ilhami\/wp-json\/wp\/v2\/media?parent=3648"}],"curies":[{"name":"wp","href":"https:\/\/api.w.org\/{rel}","templated":true}]}}