{"id":3637,"date":"2025-03-11T21:24:15","date_gmt":"2025-03-11T18:24:15","guid":{"rendered":"http:\/\/yurtsevertanitim.com\/ilhami\/?page_id=3637"},"modified":"2025-03-12T15:07:25","modified_gmt":"2025-03-12T12:07:25","slug":"hakkimizda","status":"publish","type":"page","link":"https:\/\/yurtsevertanitim.com\/ilhami\/hakkimizda\/","title":{"rendered":"Hakk\u0131m\u0131zda"},"content":{"rendered":"<div class=\"wpb-content-wrapper\"><p>[vc_row isfullwidth=&#8221;&#8221; css=&#8221;.vc_custom_1496818669994{padding-bottom: 20px !important;}&#8221;][vc_column width=&#8221;1\/3&#8243;][gva_block_heading title=&#8221;Hakk\u0131m\u0131zda&#8221; style=&#8221;style-2&#8243; align=&#8221;align-left&#8221; desc=&#8221;2000 y\u0131l\u0131nda Antalya\u2019da kurulan Okudan Harita, uzman m\u00fchendis ve teknik kadrosuyla T\u00fcrkiye\u2019nin d\u00f6rt bir yan\u0131nda kaliteli ve g\u00fcvenilir hizmet sunmaktad\u0131r.&#8221;][vc_column_text css=&#8221;&#8221;]<\/p>\n<h4>OKUDAN HAR\u0130TA<\/h4>\n<p>\u0130nsan ve \u00e7evre odakl\u0131 yakla\u015f\u0131mla s\u00fcrekli geli\u015fimi hedefleyen firmam\u0131z, teknolojiyi ve sekt\u00f6rel yenilikleri yak\u0131ndan takip ederek haritac\u0131l\u0131k alan\u0131nda fark yaratmaktad\u0131r.[\/vc_column_text][\/vc_column][vc_column width=&#8221;2\/3&#8243; css=&#8221;.vc_custom_1530587010113{padding-top: 0px !important;}&#8221;][vc_row_inner][vc_column_inner][gva_block_heading title=&#8221;Okudan Harita Olarak Hizmet Alanlar\u0131m\u0131z&#8221; style=&#8221;style-2&#8243; align=&#8221;align-left&#8221; desc=&#8221;Okudan Harita olarak, haritac\u0131l\u0131k ve m\u00fchendislik alan\u0131nda geni\u015f bir hizmet yelpazesi sunuyoruz.&#8221;][\/vc_column_inner][\/vc_row_inner][vc_row_inner][vc_column_inner width=&#8221;1\/2&#8243; offset=&#8221;vc_col-xs-6&#8243;][gva_icon_box title=&#8221;Halihaz\u0131r Harita&#8221; icon=&#8221;gv-icon-1134&#8243; description=&#8221;Mevcut arazi yap\u0131s\u0131n\u0131, s\u0131n\u0131rlar\u0131 ve detaylar\u0131 g\u00f6steren halihaz\u0131r haritalar, geli\u015fmi\u015f \u00f6l\u00e7\u00fcm cihazlar\u0131 ile haz\u0131rlan\u0131r.&#8221; icon_position=&#8221;top-left-title&#8221; icon_width=&#8221;fa-2x&#8221; icon_color=&#8221;#FEB1A2&#8243;][\/vc_column_inner][vc_column_inner width=&#8221;1\/2&#8243; offset=&#8221;vc_col-xs-6&#8243;][gva_icon_box title=&#8221;Parselasyon&#8221; icon=&#8221;gv-icon-1135&#8243; description=&#8221;Arazi d\u00fczenlemesi ve parsel ayr\u0131\u015ft\u0131rma i\u015flemleri, yasal mevzuata uygun \u015fekilde planlan\u0131r ve uygulan\u0131r.&#8221; icon_position=&#8221;top-left-title&#8221; icon_width=&#8221;fa-2x&#8221; icon_color=&#8221;#45D3A8&#8243;][\/vc_column_inner][\/vc_row_inner][vc_row_inner][vc_column_inner width=&#8221;1\/2&#8243; offset=&#8221;vc_col-xs-6&#8243;][gva_icon_box title=&#8221;\u0130fraz &#8211; Tevhit&#8221; icon=&#8221;gv-icon-1136&#8243; description=&#8221;Tevhit birle\u015ftirme anlam\u0131na gelmektedir. \u0130fraz ay\u0131rma anlam\u0131na gelmektedir.&#8221; icon_position=&#8221;top-left-title&#8221; icon_width=&#8221;fa-2x&#8221; el_class=&#8221;margin-bottom-0&#8243; icon_color=&#8221;#6B8EEF&#8221;][\/vc_column_inner][vc_column_inner width=&#8221;1\/2&#8243; offset=&#8221;vc_col-xs-6&#8243;][gva_icon_box title=&#8221;Yol ve \u0130\u00e7meSuyu Projeleri&#8221; icon=&#8221;gv-icon-1207&#8243; description=&#8221;\u0130\u00e7mesuyu temin sistemine ait isale hatlar\u0131, su ar\u0131tma tesisi, su deposu ve su kalitesi \u00f6l\u00e7\u00fcm noktalar\u0131 projelendirlmektedir.&#8221; icon_position=&#8221;top-left-title&#8221; icon_width=&#8221;fa-2x&#8221; el_class=&#8221;margin-bottom-0&#8243; icon_color=&#8221;#B17EF0&#8243;][\/vc_column_inner][\/vc_row_inner][vc_row_inner][vc_column_inner width=&#8221;1\/2&#8243; offset=&#8221;vc_col-xs-6&#8243;][gva_icon_box title=&#8221;Kamula\u015ft\u0131rma Haritalar\u0131&#8221; icon=&#8221;gv-icon-1137&#8243; description=&#8221;Kamu yarar\u0131na yap\u0131lan projelerde, gerekli arazi ve m\u00fclk tespiti ile kamula\u015ft\u0131rma s\u00fcreci i\u00e7in teknik destek sa\u011flan\u0131r.&#8221; icon_position=&#8221;top-left-title&#8221; icon_width=&#8221;fa-2x&#8221; el_class=&#8221;margin-bottom-0&#8243; icon_color=&#8221;#FEB1A2&#8243;][\/vc_column_inner][vc_column_inner width=&#8221;1\/2&#8243; offset=&#8221;vc_col-xs-6&#8243;][gva_icon_box title=&#8221;S\u0131n\u0131r Tespiti &#8211; Plankole&#8221; icon=&#8221;gv-icon-1140&#8243; description=&#8221;S\u0131n\u0131r tespiti i\u015flemi, ta\u015f\u0131nmaz\u0131n s\u0131n\u0131rlar\u0131n\u0131n do\u011fru ve g\u00fcncel oldu\u011fundan emin olmak i\u00e7in gereklidir.&#8221; icon_position=&#8221;top-left-title&#8221; icon_width=&#8221;fa-2x&#8221; el_class=&#8221;margin-bottom-0&#8243; icon_color=&#8221;#FEB1A2&#8243;][\/vc_column_inner][\/vc_row_inner][vc_row_inner][vc_column_inner width=&#8221;1\/2&#8243; offset=&#8221;vc_col-xs-6&#8243;][gva_icon_box title=&#8221;Bina Aplikasyonu&#8221; icon=&#8221;gv-icon-1592&#8243; description=&#8221;Projelerin saha uygulamalar\u0131nda ihtiya\u00e7 duyulan yer tespit ve i\u015faretleme i\u015flemleri, hassas \u00f6l\u00e7\u00fcm teknikleri ile ger\u00e7ekle\u015ftirilir.&#8221; icon_position=&#8221;top-left-title&#8221; icon_width=&#8221;fa-2x&#8221; el_class=&#8221;margin-bottom-0&#8243; icon_color=&#8221;#6B8EEF&#8221;][\/vc_column_inner][vc_column_inner width=&#8221;1\/2&#8243; offset=&#8221;vc_col-xs-6&#8243;][gva_icon_box title=&#8221;\u0130n\u015faat \u00d6l\u00e7meleri&#8221; icon=&#8221;gv-icon-1594&#8243; description=&#8221;\u00d6l\u00e7\u00fcm aletlerimiz ve ekibimizle \u015fantiyede bulunup ayn\u0131 zamanda profesyonel \u00f6l\u00e7\u00fcm ve b\u00fcro deste\u011fi de taraf\u0131m\u0131zdan verilmektedir.&#8221; icon_position=&#8221;top-left-title&#8221; icon_width=&#8221;fa-2x&#8221; el_class=&#8221;margin-bottom-0&#8243; icon_color=&#8221;#B17EF0&#8243;][\/vc_column_inner][\/vc_row_inner][\/vc_column][\/vc_row][vc_row equal_height=&#8221;yes&#8221; fullwidth=&#8221;0&#8243; row_space=&#8221;remove_padding&#8221;][vc_column parallax=&#8221;content-moving&#8221; parallax_image=&#8221;3629&#8243; width=&#8221;1\/2&#8243; offset=&#8221;vc_hidden-xs&#8221;][\/vc_column][vc_column width=&#8221;1\/2&#8243; el_class=&#8221;column-style-1&#8243;][vc_row_inner][vc_column_inner][gva_block_heading title=&#8221;Projelendirme Ad\u0131mlar\u0131m\u0131z&#8221; style=&#8221;style-2&#8243; align=&#8221;align-left&#8221; subtitle=&#8221;Hizmetlerimiz&#8221; desc=&#8221;Okudan Harita olarak, projelerinizin her a\u015famas\u0131nda titizlikle \u00e7al\u0131\u015f\u0131yoruz. \u0130lk ke\u015fif ve analizden saha uygulamalar\u0131na, yasal prosed\u00fcrlerden sonu\u00e7land\u0131rmaya kadar t\u00fcm s\u00fcre\u00e7lerde kaliteli ve g\u00fcvenilir hizmet sunuyoruz. Teknolojik altyap\u0131m\u0131z ve uzman kadromuzla projelerinizi zaman\u0131nda ve eksiksiz teslim ediyoruz.&#8221;][\/vc_column_inner][\/vc_row_inner][vc_row_inner][vc_column_inner width=&#8221;1\/2&#8243; offset=&#8221;vc_col-xs-6&#8243;][gva_icon_box title=&#8221;Ke\u015fif ve Analiz&#8221; icon=&#8221;gv-icon-606&#8243; description=&#8221;\u0130htiya\u00e7lar\u0131n\u0131z\u0131 belirlemek i\u00e7in saha ke\u015ffi yap\u0131l\u0131r ve gerekli veriler toplan\u0131r.&#8221; icon_position=&#8221;top-left&#8221; link=&#8221;#&#8221; icon_width=&#8221;fa-2x&#8221; icon_radius=&#8221;radius-5x&#8221; icon_background=&#8221;#FDEFEC&#8221; icon_color=&#8221;#FEB1A2&#8243;][\/vc_column_inner][vc_column_inner width=&#8221;1\/2&#8243; offset=&#8221;vc_col-xs-6&#8243;][gva_icon_box title=&#8221;Planlama ve Tasar\u0131m&#8221; icon=&#8221;gv-icon-442&#8243; description=&#8221;Verilere dayanarak projenin planlama ve tasar\u0131m \u00e7al\u0131\u015fmalar\u0131 ger\u00e7ekle\u015ftirilir.&#8221; icon_position=&#8221;top-left&#8221; link=&#8221;#&#8221; icon_width=&#8221;fa-2x&#8221; icon_radius=&#8221;radius-5x&#8221; icon_background=&#8221;#E5FAF5&#8243; icon_color=&#8221;#45D3A8&#8243;][\/vc_column_inner][\/vc_row_inner][vc_row_inner][vc_column_inner width=&#8221;1\/2&#8243; offset=&#8221;vc_col-xs-6&#8243;][gva_icon_box title=&#8221;Uygulama ve \u00d6l\u00e7\u00fcm&#8221; icon=&#8221;gv-icon-865&#8243; description=&#8221;Projeler, hassas \u00f6l\u00e7\u00fcm cihazlar\u0131yla sahada hayata ge\u00e7irilir ve kontrol edilir.&#8221; icon_position=&#8221;top-left&#8221; link=&#8221;#&#8221; icon_width=&#8221;fa-2x&#8221; icon_radius=&#8221;radius-5x&#8221; icon_background=&#8221;#EAF0FE&#8221; icon_color=&#8221;#6B8EEF&#8221;][\/vc_column_inner][vc_column_inner width=&#8221;1\/2&#8243; offset=&#8221;vc_col-xs-6&#8243;][gva_icon_box title=&#8221;Raporlama ve Teslim&#8221; icon=&#8221;gv-icon-630&#8243; description=&#8221;Proje detaylar\u0131, yasal gerekliliklere uygun \u015fekilde raporlan\u0131r ve teslim edilir.&#8221; icon_position=&#8221;top-left&#8221; link=&#8221;#&#8221; icon_width=&#8221;fa-2x&#8221; icon_radius=&#8221;radius-5x&#8221; icon_background=&#8221;#F5ECFD&#8221; icon_color=&#8221;#B17EF0&#8243;][\/vc_column_inner][\/vc_row_inner][\/vc_column][\/vc_row][vc_row custom_background=&#8221;bg-bottom&#8221; css=&#8221;.vc_custom_1519631511345{background: #f8f8f8 url(https:\/\/themegavias.com\/wp\/enzio\/wp-contenthttp:\/\/yurtsevertanitim.com\/ilhami\/wp-content\/uploads\/2018\/02\/bg-4.jpg?id=2629) !important;}&#8221;][vc_column][vc_row_inner][vc_column_inner][gva_block_heading title=&#8221;Neden Biz ?&#8221; desc=&#8221;Okudan Harita olarak, haritac\u0131l\u0131k ve m\u00fchendislik alan\u0131nda geni\u015f bir hizmet yelpazesi sunuyoruz. Projelerinizi g\u00fcvenilir, h\u0131zl\u0131 ve hassas \u00f6l\u00e7\u00fcm teknikleriyle destekleyerek ihtiya\u00e7lar\u0131n\u0131za \u00f6zel \u00e7\u00f6z\u00fcmler \u00fcretiyoruz.&#8221;][\/vc_column_inner][\/vc_row_inner][vc_row_inner][vc_column_inner width=&#8221;1\/2&#8243; offset=&#8221;vc_col-lg-3 vc_col-md-3 vc_col-xs-6&#8243;][gva_image_content title=&#8221;Profesyonelliz&#8221; background=&#8221;3623&#8243; style=&#8221;style-2&#8243; icon_position=&#8221;style-2&#8243; link=&#8221;#&#8221;]Profesyonel yakla\u015f\u0131mlarla i\u015fletmelerinizi ihtiya\u00e7 duydu\u011fu b\u00fct\u00fcn alanlarda size en iyi hizmeti sunuyoruz.[\/gva_image_content][\/vc_column_inner][vc_column_inner width=&#8221;1\/2&#8243; offset=&#8221;vc_col-lg-3 vc_col-md-3 vc_col-xs-6&#8243;][gva_image_content title=&#8221;Tecr\u00fcbeliyiz&#8221; background=&#8221;3624&#8243; style=&#8221;style-2&#8243; link=&#8221;#&#8221;]Alan\u0131nda uzman kadrolar\u0131m\u0131zla ve y\u0131llar\u0131n bize kazand\u0131rd\u0131\u011f\u0131 deneyimlerimizle size de kazand\u0131r\u0131yoruz.[\/gva_image_content][\/vc_column_inner][vc_column_inner width=&#8221;1\/2&#8243; offset=&#8221;vc_col-lg-3 vc_col-md-3 vc_col-xs-6&#8243;][gva_image_content title=&#8221;Prensipliyiz&#8221; background=&#8221;3622&#8243; style=&#8221;style-2&#8243; link=&#8221;#&#8221;]Sizlere vizyonumuz ve misyonumuz \u00e7er\u00e7evesinde ve prensiplerimiz dahilinde en kaliteli hizmeti sunuyoruz.[\/gva_image_content][\/vc_column_inner][vc_column_inner width=&#8221;1\/2&#8243; offset=&#8221;vc_col-lg-3 vc_col-md-3 vc_col-xs-6&#8243;][gva_image_content title=&#8221;Alan\u0131m\u0131zda Uzman\u0131z&#8221; background=&#8221;3625&#8243; style=&#8221;style-2&#8243; link=&#8221;#&#8221;]Alan\u0131nda yetkin, tecr\u00fcbeli kadrolar\u0131m\u0131zla ihtiya\u00e7 duydu\u011funuz her alanda size en iyisini sunmak i\u00e7in buraday\u0131z.[\/gva_image_content][\/vc_column_inner][\/vc_row_inner][\/vc_column][\/vc_row][vc_row disable_element=&#8221;yes&#8221;][vc_column][gva_block_heading title=&#8221;M\u00fc\u015fterilerimiz&#8221; icon=&#8221;gv-icon-244&#8243; subtitle=&#8221;REFERANSLAR&#8221; desc=&#8221;Bizim i\u00e7in g\u00f6r\u00fc\u015flerini bildirdiler&#8221;][gva_testimonial items_lg=&#8221;2&#8243; items_md=&#8221;2&#8243; items_sm=&#8221;2&#8243; items_xs=&#8221;1&#8243;][\/vc_column][\/vc_row][vc_row disable_element=&#8221;yes&#8221; row_space=&#8221;remove_padding_top&#8221;][vc_column][gva_block_heading title=&#8221;Send Us A Message Now.&#8221; icon=&#8221;gv-icon-242&#8243; desc=&#8221;Proin aliquam ante quis sagittis blandit. In hac habitasse platea dictumst. In sit amet pharetra tellus. Morbi sed consequat augue. Quisque ultricies, ex et sagittis commodo.&#8221;]\n<div class=\"wpcf7 no-js\" id=\"wpcf7-f236-o1\" lang=\"en-US\" dir=\"ltr\" data-wpcf7-id=\"236\">\n<div class=\"screen-reader-response\"><p role=\"status\" aria-live=\"polite\" aria-atomic=\"true\"><\/p> <ul><\/ul><\/div>\n<form action=\"\/ilhami\/wp-json\/wp\/v2\/pages\/3637#wpcf7-f236-o1\" method=\"post\" class=\"wpcf7-form init\" aria-label=\"Contact form\" novalidate=\"novalidate\" data-status=\"init\">\n<div style=\"display: none;\">\n<input type=\"hidden\" name=\"_wpcf7\" value=\"236\" \/>\n<input type=\"hidden\" name=\"_wpcf7_version\" value=\"6.0.5\" \/>\n<input type=\"hidden\" name=\"_wpcf7_locale\" value=\"en_US\" \/>\n<input type=\"hidden\" name=\"_wpcf7_unit_tag\" value=\"wpcf7-f236-o1\" \/>\n<input type=\"hidden\" name=\"_wpcf7_container_post\" value=\"0\" \/>\n<input type=\"hidden\" name=\"_wpcf7_posted_data_hash\" value=\"\" \/>\n<\/div>\n<div class=\"row\">\n\t<div class=\"col-sm-4 col-xs-12\">\n\t\t<p><span class=\"wpcf7-form-control-wrap\" data-name=\"your-name\"><input size=\"40\" maxlength=\"400\" class=\"wpcf7-form-control wpcf7-text wpcf7-validates-as-required\" aria-required=\"true\" aria-invalid=\"false\" placeholder=\"Your Name *\" value=\"\" type=\"text\" name=\"your-name\" \/><\/span>\n\t\t<\/p>\n\t<\/div>\n\t<div class=\"col-sm-4 col-xs-12\">\n\t\t<p><span class=\"wpcf7-form-control-wrap\" data-name=\"your-email\"><input size=\"40\" maxlength=\"400\" class=\"wpcf7-form-control wpcf7-email wpcf7-validates-as-required wpcf7-text wpcf7-validates-as-email\" aria-required=\"true\" aria-invalid=\"false\" placeholder=\"Your Email *\" value=\"\" type=\"email\" name=\"your-email\" \/><\/span>\n\t\t<\/p>\n\t<\/div>\n\t<div class=\"col-sm-4 col-xs-12\">\n\t\t<p><span class=\"wpcf7-form-control-wrap\" data-name=\"your-subject\"><input size=\"40\" maxlength=\"400\" class=\"wpcf7-form-control wpcf7-text\" aria-invalid=\"false\" placeholder=\"Your Subject\" value=\"\" type=\"text\" name=\"your-subject\" \/><\/span>\n\t\t<\/p>\n\t<\/div>\n<\/div>\n<div class=\"row\">\n\t<div class=\"col-xs-12\">\n\t\t<p><span class=\"wpcf7-form-control-wrap\" data-name=\"rows:6\"><textarea cols=\"40\" rows=\"10\" maxlength=\"2000\" class=\"wpcf7-form-control wpcf7-textarea\" aria-invalid=\"false\" placeholder=\"Your message\" name=\"rows:6\"><\/textarea><\/span>\n\t\t<\/p>\n\t<\/div>\n\t<div class=\"col-xs-12 action\">\n\t\t<p><input class=\"wpcf7-form-control wpcf7-submit has-spinner\" type=\"submit\" value=\"Send Message\" \/>\n\t\t<\/p>\n\t<\/div>\n<\/div><div class=\"wpcf7-response-output\" aria-hidden=\"true\"><\/div>\n<\/form>\n<\/div>\n[\/vc_column][\/vc_row]<\/p>\n<\/div>","protected":false},"excerpt":{"rendered":"<p>[vc_row isfullwidth=&#8221;&#8221; css=&#8221;.vc_custom_1496818669994{padding-bottom: 20px !important;}&#8221;][vc_column width=&#8221;1\/3&#8243;][gva_block_heading title=&#8221;Hakk\u0131m\u0131zda&#8221; style=&#8221;style-2&#8243; align=&#8221;align-left&#8221; desc=&#8221;2000 y\u0131l\u0131nda Antalya\u2019da kurulan Okudan Harita, uzman m\u00fchendis ve teknik kadrosuyla T\u00fcrkiye\u2019nin d\u00f6rt bir yan\u0131nda kaliteli ve g\u00fcvenilir hizmet sunmaktad\u0131r.&#8221;][vc_column_text css=&#8221;&#8221;] OKUDAN HAR\u0130TA \u0130nsan ve \u00e7evre odakl\u0131 yakla\u015f\u0131mla s\u00fcrekli geli\u015fimi hedefleyen firmam\u0131z, teknolojiyi ve sekt\u00f6rel yenilikleri yak\u0131ndan takip ederek haritac\u0131l\u0131k alan\u0131nda fark yaratmaktad\u0131r.[\/vc_column_text][\/vc_column][vc_column width=&#8221;2\/3&#8243; css=&#8221;.vc_custom_1530587010113{padding-top: 0px [&hellip;]<\/p>\n","protected":false},"author":1,"featured_media":0,"parent":0,"menu_order":0,"comment_status":"closed","ping_status":"closed","template":"","meta":{"footnotes":""},"class_list":["post-3637","page","type-page","status-publish","hentry"],"_links":{"self":[{"href":"https:\/\/yurtsevertanitim.com\/ilhami\/wp-json\/wp\/v2\/pages\/3637","targetHints":{"allow":["GET"]}}],"collection":[{"href":"https:\/\/yurtsevertanitim.com\/ilhami\/wp-json\/wp\/v2\/pages"}],"about":[{"href":"https:\/\/yurtsevertanitim.com\/ilhami\/wp-json\/wp\/v2\/types\/page"}],"author":[{"embeddable":true,"href":"https:\/\/yurtsevertanitim.com\/ilhami\/wp-json\/wp\/v2\/users\/1"}],"replies":[{"embeddable":true,"href":"https:\/\/yurtsevertanitim.com\/ilhami\/wp-json\/wp\/v2\/comments?post=3637"}],"version-history":[{"count":10,"href":"https:\/\/yurtsevertanitim.com\/ilhami\/wp-json\/wp\/v2\/pages\/3637\/revisions"}],"predecessor-version":[{"id":3685,"href":"https:\/\/yurtsevertanitim.com\/ilhami\/wp-json\/wp\/v2\/pages\/3637\/revisions\/3685"}],"wp:attachment":[{"href":"https:\/\/yurtsevertanitim.com\/ilhami\/wp-json\/wp\/v2\/media?parent=3637"}],"curies":[{"name":"wp","href":"https:\/\/api.w.org\/{rel}","templated":true}]}}